5*d - 2*i + 8 = -3*d. Let a be d/3 - 10/(-6). What are the prime factors of y(a)?
11
Let u be -7 - 6*(-1)/2. Let p(c) = c**2 + 3*c + 1. Let v be p(u). Suppose v*y - 91 = -2*m - 2*m, -y = -2*m - 7. What are the prime factors of y?
3, 5
Suppose -4*a + 3*a + 6 = 0. Suppose -4*z + 5*k + 19 + 8 = 0, a = -2*k. List the prime factors of (2/6)/(z/90).
2, 5
Let f(y) = 21*y + 2. Let t be f(-2). Let x be 16/5 - (-8)/t. Suppose 0*z = x*z - 84. List the prime factors of z.
2, 7
Suppose -2*i = 4, 3*q - 3*i + 77 = -4*i. Let j = 63 + q. List the prime factors of j.
2, 19
Let j be (14/5)/(14/35). Suppose 98 = j*m - 28. What are the prime factors of m?
2, 3
Let q(r) = r - 1. Let f be q(3). Suppose -3*a + 2*a = f. What are the prime factors of 130/4 + (-1)/a?
3, 11
Let y(t) be the third derivative of -t**5/30 - t**4/6 + 2*t**3/3 - 9*t**2. Let a be y(4). Let q = 63 + a. List the prime factors of q.
19
Suppose -f + 2*a + 3*a = 2, -5*f = 4*a - 48. Let t be (-1)/((-2)/f) + -20. Let b = -1 - t. What are the prime factors of b?
3, 5
Let v = 237 + 364. What are the prime factors of v?
601
Let i(j) = -14*j - 2*j + 7 + 1 + j**3 + 9*j**2 - j. List the prime factors of i(-10).
2, 3, 13
Let f = -14 - -17. Suppose -4*p + 3*h - h + 210 = 0, h = -f*p + 160. What are the prime factors of p?
53
Let n(c) = -14*c**3 + 296*c**2 + 19*c + 23. List the prime factors of n(21).
2, 163
Suppose 5*y = 2*y - 6. Let k = 11 + y. Let v = k - -7. List the prime factors of v.
2
Let f = 23 - 4. Let l = 3 + f. What are the prime factors of l?
2, 11
Let c = -84 + 144. Let u = 102 - c. What are the prime factors of u?
2, 3, 7
Let l be (5/2)/((-6)/(-12)). Let r = 3 - 1. Suppose l*z = r*z + 6. What are the prime factors of z?
2
Let j = 623 + -265. What are the prime factors of j?
2, 179
What are the prime factors of (-2 + 3)*(-4 - -27)?
23
Let u(s) = -7*s - 1. Let m be u(6). Let n = m - -64. List the prime factors of n.
3, 7
Let v(m) = -92*m**2 - 22*m + 22. Let x be v(1). Suppose -154 = 5*z + 536. Let n = x - z. List the prime factors of n.
2, 23
Let r be 2878/6 + 6/(-9) - -2. Suppose 3*g + d = r, -3*d - 223 = -4*g + 401. List the prime factors of g.
3, 53
Let u = -443 - -823. List the prime factors of u.
2, 5, 19
Let z = 4702 + -1793. List the prime factors of z.
2909
Let c = 37 + -32. Let i = c + 61. List the prime factors of i.
2, 3, 11
Let m = 47 + 466. List the prime factors of m.
3, 19
Let b(d) = d**3 + 6*d**2 + d + 1358. List the prime factors of b(0).
2, 7, 97
Suppose -17*a = -5614 - 18747. List the prime factors of a.
1433
Let x(f) = f**2 - 11*f - 6. Let p(w) = -2*w + 30. Let m be p(10). Let g be x(m). Let t = 27 - g. What are the prime factors of t?
43
Let x(d) be the third derivative of -d**6/720 - 7*d**5/120 - d**4/12 + 7*d**2. Let w(a) be the second derivative of x(a). List the prime factors of w(-12).
5
Let y = 2398 - 1024. List the prime factors of y.
2, 3, 229
Let j be -12 + 8 + 7 + 2. What are the prime factors of ((-2030)/(-4))/j + 3/2?
103
List the prime factors of (-3 - 3) + (-4055 - 1)/(-3).
2, 673
Let h be (-180)/(-8)*12/18. Suppose 9*u = 4*u - h, -5*u = -4*q + 147. List the prime factors of q.
3, 11
Let b(s) = 71*s + 257. List the prime factors of b(9).
2, 7
Suppose -265 = 9*n - 2452. What are the prime factors of n?
3
Let r(j) be the first derivative of 8*j**3/3 - j**2 - 2*j - 13. Suppose 5*c - 2 = 4*l, 2*l + 2 = -2*c + 5*c. What are the prime factors of r(c)?
2, 13
Let a(w) = w + 1. Let r be a(0). Let t(h) = -2*h - 4. Let o be t(-6). List the prime factors of o + 27 + r + -1.
5, 7
Let b be (-3 - -9) + -3 + 3. Suppose 3*g - b = 2*g. What are the prime factors of g?
2, 3
Suppose 1443 = 2*m + y, 4*m - y - 4*y - 2907 = 0. List the prime factors of m.
3, 241
Let s(g) be the first derivative of 5*g**2/2 - 3. Let m be s(5). Let z = m + 14. List the prime factors of z.
3, 13
Suppose 5*l + 2*t = 749, 5*l + 3*t = -t + 743. Suppose 3*p - 5*v = l, p + 5*v + 0*v - 57 = 0. List the prime factors of (p/5)/(4/10).
2, 13
Let j be -10*(32/(-40))/((-2)/(-7)). List the prime factors of 1/2 + 3234/j.
2, 29
Let j(k) = k**3 + 35*k - 17*k - 9*k + 2 - 14*k. What are the prime factors of j(4)?
2, 23
Let a be (0 + 5)*1/1. Suppose -a*k = -0*k - 90. Suppose k - 6 = g. List the prime factors of g.
2, 3
Suppose -3*o = 4*y - 932, 5*y + 3*o + 484 = 7*y. What are the prime factors of y?
2, 59
Suppose 15 = -3*z + 8*z. Suppose z*p - 1 - 8 = 0. Suppose f = -4*g + 92, -5*g + 3*f + 101 = p. List the prime factors of g.
2, 11
Suppose 348 = 2*j + 4*j. Suppose 2*c - 4*b + b - j = 0, -4*c - 4*b = -136. What are the prime factors of c?
2
List the prime factors of ((-9012)/22)/(194/(-2134)).
2, 3, 751
Suppose -38*b = 27612 - 96734. List the prime factors of b.
17, 107
Let j = 2627 + -1234. List the prime factors of j.
7, 199
Suppose -2*w = -936 - 454. What are the prime factors of w?
5, 139
Let m(w) = -3*w + 43. Let r be m(-11). Let d = -55 + r. What are the prime factors of d?
3, 7
Let f(l) = -l + 24. Let t be f(-17). Suppose -237 = -4*h - t. What are the prime factors of h?
7
Let w(k) = -61*k**3 + k**2 + 7*k - 14. List the prime factors of w(-4).
2, 7, 277
Suppose 2*x - 5*x = 204. Suppose -3*y - 2*y + 480 = 0. Let z = x + y. What are the prime factors of z?
2, 7
Suppose -2*b + 6 = b. Let w be 3 + (b + 2 - 4). Suppose -2*h + 40 = -s + 5, -w*h = 5*s - 33. What are the prime factors of h?
2
Suppose -2*k = 4*k + 12. List the prime factors of (9 + -3)/(k/(-27)*1).
3
Let p(l) = -1 - 304*l - 2 + 312*l - 12. What are the prime factors of p(9)?
3, 19
Suppose -4*g - 3*n = -2429, -4*g + 0*n + 2433 = -n. What are the prime factors of g?
2, 19
Let z be (106/(-8))/(((-6)/(-32))/(-3)). Suppose -2*n = -o + z, 0 = -4*o + 4*n + 683 + 165. What are the prime factors of o?
2, 53
Let q(x) = -x**3 - 4*x**2 + 3*x + 3. Let i be q(3). Let j be (i/9 - -4)*-3. Suppose j*s + 29 - 94 = 0. What are the prime factors of s?
13
Let b = -151 + 153. Suppose -b*x - 44 = -324. What are the prime factors of x?
2, 5, 7
Let l(j) = 623*j + 26. List the prime factors of l(3).
5, 379
Suppose 5*k + m = -m, -m - 5 = 0. List the prime factors of k*(-5)/((-50)/1135).
227
Let l be (4/10)/((-11)/(-220)). Let i = l + 11. List the prime factors of i.
19
Let o(u) = -8*u. Let w be o(-3). Suppose w = 3*d - 18. Suppose -2*c = -d + 4. What are the prime factors of c?
5
Let q(t) = -2*t**2 + t + 3. Let z be q(4). Suppose 3*m - 113 = -4*d, d = -2*m - 2 + 79. Let u = m + z. List the prime factors of u.
2, 7
Suppose -11*x = -18*x + 49. Let j(c) = -3*c + c**2 + 11 - 4*c + 0*c. What are the prime factors of j(x)?
11
Let u(t) = t**2 - 5 + 4 + 4 - 10*t. List the prime factors of u(-7).
2, 61
Suppose -7*d = -2190 - 16780. What are the prime factors of d?
2, 5, 271
Let f(n) = -3*n**2 - 14*n + 21. Let t(g) = 6*g**2 + 27*g - 41. Let m(u) = 5*f(u) + 3*t(u). What are the prime factors of m(-9)?
2, 3, 7
Suppose 3861 = 4*s - 3*k, -3*s + 2917 = 5*k - 3*k. What are the prime factors of s?
3, 17, 19
Let o(d) = d**3 + 17*d**2 - 2*d - 17. Suppose -38 = 6*i + 64. List the prime factors of o(i).
17
Let f be 75/27 - 3 - 395/45. Let l = f + 13. What are the prime factors of l?
2
Let d be (2 + -2)*(14/(-6) - -2). Let p(c) = 2*c + 2 - c + 2. List the prime factors of p(d).
2
Suppose 2*i = 17 + 1. Let j be 4*1 + (i - 8). Suppose -a = -j, -2*q - a = a - 58. What are the prime factors of q?
2, 3
Suppose 2*p = m - 464, 4*m + 3*p - 1866 = 6*p. List the prime factors of m.
2, 3, 13
Let m(l) = -l - 4. Let y be m(-4). Suppose x - 6 = -q, -x + y*x - 2 = -3*q. Suppose 0 = x*j - 8 - 24. List the prime factors of j.
2
Suppose 52 + 56 = c. Let q be 27/(-108) - ((-26)/8 - -1). Suppose q*i + 3*y = 38, -2*y + 4*y = 4*i - c. What are the prime factors of i?
5
Let p(z) be the second derivative of 5*z**3/6 - 3*z**2 + 2*z. Let s be 87/(-29) + 1/((-2)/(-20)). List the prime factors of p(s).
29
Suppose 554 = -7*q + 6028. What are the prime factors of q?
2, 17, 23
Suppose 5*n + z = 29, 0 = 3*n - 4*z + 1 - 0. Suppose 4*x = -8, 0*x + 3*x = n*p - 246. Let r = -34 + p. What are the prime factors of r?
2, 7
List the prime factors of (8060 - -98)*(-1)/(-2).
4079
Let p = -394 - -910. What are the prime factors of p?
2, 3, 43
Let l(f) be the first derivative of -f**3/3 + 4*f**2 - 3*f + 38. Let v(t) = 6*t**2. Let q be v(1). Wha